the greatest common factor of 6 and x.
3
Suppose -8 + 28 = 5*i. Suppose 2*v = i*k + 36, 3*v - 2*k - 2 = 4*v. Let b = -22 - -62. Calculate the greatest common factor of b and v.
8
Let q = 9388 - 7777. What is the highest common divisor of 45 and q?
9
Suppose -f + 881 = -4*i, 2*f - 5*i = -9*i + 1750. Suppose -f = -7*d + 250. What is the greatest common divisor of 14 and d?
7
Let h be 1/(6/15) + (17 - (-2214)/36). What is the greatest common divisor of 99 and h?
9
Let i(h) = -8*h - 43. Let q be i(7). Let f = 103 + q. What is the highest common divisor of 3 and f?
1
Suppose -2*g - 8 = -2*l, -l + 0*l + 2*g = -7. Let r(t) = -155*t - 2 + 156*t + 11. Let u be r(7). Calculate the greatest common divisor of u and l.
1
Let o(r) = -7*r**3 - 12 - 5*r**2 - 3*r + 4*r + 4*r**3 + 2*r**3. Let g be o(-5). Let h = 43 + g. What is the highest common factor of h and 26?
26
Suppose -78*a = -74*a - 4684. Suppose a + 2749 = 7*v. What is the greatest common factor of 14 and v?
14
Let z = -259 + 273. Suppose -z*c = -0*c - 84. What is the greatest common divisor of 2 and c?
2
Suppose -170*x + 173*x - 4*q - 184 = 0, 5*q = 10. What is the greatest common divisor of x and 98?
2
Let i = -49 - -54. Suppose -6 = -q - 9, i*q = 2*o - 49. What is the highest common divisor of 1819 and o?
17
Let j be ((-40)/8 - -617) + -4. Calculate the highest common factor of 928 and j.
32
Suppose 3*x + 2*u = 5*u + 120, 4*u = 2*x - 88. Let t be (-1045 - (2 + 0))*12/x. Let j = t - -621. What is the greatest common factor of j and 16?
16
Let c be (2/(2 + -3) + 5)/1. Suppose 0 = q - 3*b - 25, c*q + 0*b - 35 = -b. What is the greatest common divisor of q and 104?
13
Let d = 6981 + -6957. Suppose 287 = 9*m - 181. What is the highest common divisor of d and m?
4
Suppose -3*y = 2*o - 235, 357 = y + 3*o + 281. What is the greatest common factor of 15958 and y?
79
Let v(b) = 60*b - 1347. Let d be v(23). What is the greatest common divisor of 3432 and d?
33
Let f(m) = 8*m + 24. Let p be f(10). What is the highest common factor of 1534 and p?
26
Suppose 4*m - 1099 = j, m + j = 5*j + 271. Suppose 80*b - 91*b = -m. Calculate the highest common factor of b and 1025.
25
Suppose 80 = b + 4*r, 160 = -290*b + 292*b - r. What is the highest common divisor of 40 and b?
40
Let a(u) = -u**3 - 4*u**2 - 2*u - 2. Let y = 2 + -6. Let m be a(y). Let j = -225988 + 225992. Calculate the greatest common factor of m and j.
2
Let h(x) = 3*x + 11. Let b(d) = -7*d - 24. Let o(q) = 2*b(q) + 5*h(q). Let w be o(38). What is the greatest common divisor of 108 and w?
9
Let a be (23 - 1) + (0 + 0 - 1). Let l be 8*(a/28)/1. What is the highest common divisor of l and 30?
6
Let i = 10 + 10. Let t(h) = 3*h**2 + 12*h - 43. Let y be t(-7). What is the highest common divisor of i and y?
20
Suppose 0 = -3*z + 33 - 9. Suppose 604 = z*m - 1268. What is the highest common factor of m and 390?
78
Suppose 25*v - 23*v = 4*m + 6, 5*m + 21 = 4*v. What is the greatest common factor of 6291 and v?
9
Let s(n) = -n**2 - 19*n - 12. Let c = 132 - 130. Suppose -14 = 3*k - 5*t - 7, c*k = -5*t - 13. Let r be s(k). Calculate the greatest common factor of r and 6.
6
Let y(a) = 23*a**2 + a - 4. Let f be y(2). Suppose -f*o + 24 = -84*o. Calculate the highest common factor of 4 and o.
4
Let x be 12/(-54) - (-16)/(-9). Let z be 4/(4/x)*(-15)/10. Suppose -39 = -3*a - z*l, -2*a + 26 = 8*l - 4*l. Calculate the greatest common factor of 91 and a.
13
Suppose -5*f + 0*f + 2*s = 21, 0 = -3*f + 5*s - 5. Let a be 5 + (-28)/(f/5). Calculate the highest common factor of 3 and a.
3
Let q(i) = -i**2 - 12*i + 30. Let f be q(-14). What is the highest common factor of f and 2?
2
Let o(f) = -182*f**3 - 11*f**2 - 6*f - 2. Let n be o(-1). Calculate the highest common divisor of 1125 and n.
25
Suppose r + 2*r - 105 = 0. Let m(z) = z**2 - 19*z - 202. Let j be m(27). Calculate the greatest common factor of j and r.
7
Let z(g) = 6*g**2 - g + 3 - g**3 - 2 - 5. Let t be z(5). Let x(d) = 11*d**2 - 38*d - 56. Let n be x(6). What is the highest common factor of t and n?
16
Suppose 1708 = 5*j - 2*z, 3*j - 2*j - 360 = 5*z. Let o = j + -331. What is the greatest common divisor of o and 144?
9
Let k(m) = -m**2 - 36*m - 67. Let n be k(-33). Let t = 73 + -42. Let z = n - t. Calculate the greatest common factor of 1 and z.
1
Let n(x) = x**3 + 23*x**2 + 40*x - 37. Let c be n(-21). Suppose 0 = -6*t + t + 3*f + 25, -5 = c*t + 3*f. Calculate the greatest common divisor of t and 22.
2
Suppose -r - 2*r + 3 = 0. Let h = 37 - r. Let v = -9 + h. What is the highest common factor of v and 36?
9
Suppose -l = 2*l + 3, -28 = 2*f + 4*l. Let w = f + 16. Suppose w*i - 57 = i. What is the highest common factor of i and 152?
19
Suppose 40*p - 760 = 5720. What is the highest common divisor of p and 408?
6
Suppose 0 = 8*h + 4*t - 30880, 0 = -2*t + 4*t. Calculate the highest common factor of 20 and h.
20
Let f(d) = -2*d**2 - 98*d - 708. Let s be f(-32). What is the greatest common factor of s and 3705?
95
Suppose 7 = 4*d - 3*q - 2, 0 = d - 3*q. Let w be (-4)/(-6) + 10/d. Calculate the greatest common factor of 112 and w.
4
Suppose 0 = -7*w + 454 + 78. Let p = w + -48. What is the highest common factor of p and 112?
28
Let f(s) = -s**2 + 20*s - 72. Let b = 58 - 43. Let d be f(b). What is the highest common divisor of d and 12?
3
Suppose -4*n - 8 + 28 = 0, 0 = 2*i + n - 65. Suppose 1935 + 16533 = 35*u + 4818. Calculate the greatest common factor of u and i.
30
Let w(q) = q**3 + q**2 - 17*q + 6. Let v be w(4). What is the highest common divisor of 948 and v?
6
Let b = 151041 + -151017. Suppose -3*f + 5*o = -f - 17, 2*f = 4*o + 18. Let a = 17 - f. What is the greatest common divisor of a and b?
6
Suppose -785 = 36*y + 26*y - 3699. What is the highest common factor of y and 11?
1
Suppose -2*x - 14*n + 13*n = 12, 0 = x - 2*n - 4. Let r be (-928)/(-22) - (x - 92/(-22)). What is the highest common divisor of 14 and r?
14
Let y be (-8)/(-6) - (-124716)/342 - (1 - 1). Calculate the highest common factor of 6 and y.
6
Suppose 172 = -39*a + 412 + 501. Calculate the greatest common factor of a and 893.
19
Suppose 0 = -30*m + 497 + 8203. Calculate the greatest common factor of 725 and m.
145
Let t(n) be the first derivative of -n**4/4 - 4*n**3 - 5*n**2/2 - 28*n + 29. Let k be t(-12). What is the highest common factor of 48 and k?
16
Let c(g) = -24*g - 648. Let m be c(-33). Calculate the highest common factor of m and 1656.
72
Suppose 0 = -9*q - 2*t + 7*t + 3, 0 = 2*q + 5*t - 19. What is the greatest common divisor of q and 55?
1
Let r(s) be the first derivative of -s**4/4 + 2*s**3/3 - 3*s**2/2 - 2*s - 148. Let t be r(-3). What is the highest common divisor of t and 39?
13
Let n(t) = -118*t + 10873. Let z be n(90). Calculate the greatest common factor of z and 3933.
23
Suppose 7*t = -35*t - 30702. Let i = t + 751. What is the greatest common divisor of i and 100?
20
Suppose -14*a = 7146 - 1266. Let n = 444 + a. What is the greatest common divisor of n and 156?
12
Let l(d) = -3*d**3 + 24*d**2 - 21*d + 66. Let q be l(6). Let v(f) = -f**2 - 10*f - 4. Let j be v(-8). Calculate the highest common factor of j and q.
12
Let s = 623 + -617. Suppose s*b - 45 = -3. Calculate the highest common factor of b and 14.
7
Let h be ((-385848)/1932)/(2/(-392)). What is the greatest common divisor of h and 168?
168
Let g = -1547 + 2825. What is the highest common divisor of 18 and g?
18
Let h(u) = 289*u**3 + 2*u**2 - 1. Let i be h(1). Let p be (-30)/24 + ((-847)/(-44) - -2). Calculate the highest common factor of i and p.
10
Suppose -3*i + 5*z + 12543 = 0, -42*z + 44*z = -2*i + 8362. What is the greatest common factor of i and 226?
113
Let k(z) = -z**3 - 7*z**2 - 17*z + 20. Let i be k(-10). Calculate the greatest common factor of i and 130.
10
Let a(c) = 30*c**3 + c**2 - 52*c + 104. Let f be a(5). Calculate the highest common factor of f and 308.
77
Suppose 2*v + 2*d - 383 - 2085 = 0, 0 = d + 4. Suppose -1237*x - 1572 = -v*x. Calculate the highest common factor of x and 12.
12
Let a be -24*-1*(0 - -1). Let t be (-2)/4*179*(-4 - -6). Let w = 182 + t. What is the greatest common divisor of w and a?
3
Let d(q) = 3*q**3 + 7*q**2 + 2*q + 7. Let t be d(-5). Let v = -169 - t. What is the greatest common divisor of v and 374?
34
Suppose -10 = -2*w + 5*u - 